{"id":998,"date":"2023-12-04T01:15:19","date_gmt":"2023-12-04T01:15:19","guid":{"rendered":"https:\/\/transparenciaelectoral.org\/escuela\/instructor\/"},"modified":"2026-02-24T10:05:13","modified_gmt":"2026-02-24T10:05:13","slug":"instructor","status":"publish","type":"page","link":"https:\/\/transparenciaelectoral.org\/escuela\/instructor\/","title":{"rendered":"FREDERICO FRANCO ALVIM"},"content":{"rendered":"<p>[et_pb_section fb_built=\u00bb1&#8243; _builder_version=\u00bb4.4.5&#8243;][et_pb_row _builder_version=\u00bb4.4.5&#8243;][et_pb_column type=\u00bb4_4&#8243; _builder_version=\u00bb4.4.5&#8243;][et_pb_team_member name=\u00bbFrederico Franco Alvim\u00bb image_url=\u00bbhttps:\/\/transparenciaelectoral.org\/escuela\/wp-content\/uploads\/2026\/02\/image.png\u00bb position=\u00bbProfesor\u00bb _builder_version=\u00bb4.4.5&#8243; alt=\u00bbFrederico Alvim\u00bb title_text=\u00bbimage\u00bb box_shadow_style_image=\u00bbpreset1&#8243; hover_enabled=\u00bb0&#8243;]<\/p>\n<p><span class=\"a_GcMg font-feature-liga-off font-feature-clig-off font-feature-calt-off text-decoration-none text-strikethrough-none\">Jefe de la Coordinaci\u00f3n de Combate a la Desinformaci\u00f3n del Supremo Tribunal Federal (Brasil).<\/span><span class=\"a_GcMg font-feature-liga-off font-feature-clig-off font-feature-calt-off text-decoration-none text-strikethrough-none white-space-prewrap\"> <\/span><span class=\"a_GcMg font-feature-liga-off font-feature-clig-off font-feature-calt-off text-decoration-none text-strikethrough-none\">Doctor en Ciencias Jur\u00eddicas y Sociales (Universidad del Museo Social Argentino). Doctorando en Ciencias Pol\u00edticas (Universidad de Lisboa). M\u00e1ster en Derecho (Universidad Metodista de Piracicaba). Experto en Derecho Electoral (Universidad Nacional Aut\u00f3noma de M\u00e9xico). Experto en Derecho y Proceso Electoral (Universidad Federal de Goi\u00e1s). Experto en Poder Judicial con \u00e9nfasis en Derecho Electoral (AVM\/EJE-MT). Diplomado en Desinformaci\u00f3n y Campa\u00f1as Electorales (Universidad Complutense de Madrid).<\/span><\/p>\n<p>[\/et_pb_team_member][\/et_pb_column][\/et_pb_row][\/et_pb_section]<\/p>\n","protected":false},"excerpt":{"rendered":"<p>[et_pb_section fb_built=\u00bb1&#8243; _builder_version=\u00bb4.4.5&#8243;][et_pb_row _builder_version=\u00bb4.4.5&#8243;][et_pb_column type=\u00bb4_4&#8243; _builder_version=\u00bb4.4.5&#8243;][et_pb_team_member name=\u00bbFrederico Franco Alvim\u00bb image_url=\u00bbhttps:\/\/transparenciaelectoral.org\/escuela\/wp-content\/uploads\/2026\/02\/image.png\u00bb position=\u00bbProfesor\u00bb _builder_version=\u00bb4.4.5&#8243; alt=\u00bbFrederico Alvim\u00bb title_text=\u00bbimage\u00bb box_shadow_style_image=\u00bbpreset1&#8243; hover_enabled=\u00bb0&#8243;] Jefe de la [&hellip;]<\/p>\n","protected":false},"author":1,"featured_media":0,"parent":0,"menu_order":0,"comment_status":"closed","ping_status":"closed","template":"","meta":{"site-sidebar-layout":"default","site-content-layout":"","ast-site-content-layout":"default","site-content-style":"default","site-sidebar-style":"default","ast-global-header-display":"","ast-banner-title-visibility":"","ast-main-header-display":"","ast-hfb-above-header-display":"","ast-hfb-below-header-display":"","ast-hfb-mobile-header-display":"","site-post-title":"","ast-breadcrumbs-content":"","ast-featured-img":"","footer-sml-layout":"","ast-disable-related-posts":"","theme-transparent-header-meta":"","adv-header-id-meta":"","stick-header-meta":"","header-above-stick-meta":"","header-main-stick-meta":"","header-below-stick-meta":"","astra-migrate-meta-layouts":"default","ast-page-background-enabled":"default","ast-page-background-meta":{"desktop":{"background-color":"","background-image":"","background-repeat":"repeat","background-position":"center center","background-size":"auto","background-attachment":"scroll","background-type":"","background-media":"","overlay-type":"","overlay-color":"","overlay-opacity":"","overlay-gradient":""},"tablet":{"background-color":"","background-image":"","background-repeat":"repeat","background-position":"center center","background-size":"auto","background-attachment":"scroll","background-type":"","background-media":"","overlay-type":"","overlay-color":"","overlay-opacity":"","overlay-gradient":""},"mobile":{"background-color":"","background-image":"","background-repeat":"repeat","background-position":"center center","background-size":"auto","background-attachment":"scroll","background-type":"","background-media":"","overlay-type":"","overlay-color":"","overlay-opacity":"","overlay-gradient":""}},"ast-content-background-meta":{"desktop":{"background-color":"var(--ast-global-color-4)","background-image":"","background-repeat":"repeat","background-position":"center center","background-size":"auto","background-attachment":"scroll","background-type":"","background-media":"","overlay-type":"","overlay-color":"","overlay-opacity":"","overlay-gradient":""},"tablet":{"background-color":"var(--ast-global-color-4)","background-image":"","background-repeat":"repeat","background-position":"center center","background-size":"auto","background-attachment":"scroll","background-type":"","background-media":"","overlay-type":"","overlay-color":"","overlay-opacity":"","overlay-gradient":""},"mobile":{"background-color":"var(--ast-global-color-4)","background-image":"","background-repeat":"repeat","background-position":"center center","background-size":"auto","background-attachment":"scroll","background-type":"","background-media":"","overlay-type":"","overlay-color":"","overlay-opacity":"","overlay-gradient":""}},"footnotes":""},"class_list":["post-998","page","type-page","status-publish","hentry"],"_links":{"self":[{"href":"https:\/\/transparenciaelectoral.org\/escuela\/wp-json\/wp\/v2\/pages\/998","targetHints":{"allow":["GET"]}}],"collection":[{"href":"https:\/\/transparenciaelectoral.org\/escuela\/wp-json\/wp\/v2\/pages"}],"about":[{"href":"https:\/\/transparenciaelectoral.org\/escuela\/wp-json\/wp\/v2\/types\/page"}],"author":[{"embeddable":true,"href":"https:\/\/transparenciaelectoral.org\/escuela\/wp-json\/wp\/v2\/users\/1"}],"replies":[{"embeddable":true,"href":"https:\/\/transparenciaelectoral.org\/escuela\/wp-json\/wp\/v2\/comments?post=998"}],"version-history":[{"count":9,"href":"https:\/\/transparenciaelectoral.org\/escuela\/wp-json\/wp\/v2\/pages\/998\/revisions"}],"predecessor-version":[{"id":1047,"href":"https:\/\/transparenciaelectoral.org\/escuela\/wp-json\/wp\/v2\/pages\/998\/revisions\/1047"}],"wp:attachment":[{"href":"https:\/\/transparenciaelectoral.org\/escuela\/wp-json\/wp\/v2\/media?parent=998"}],"curies":[{"name":"wp","href":"https:\/\/api.w.org\/{rel}","templated":true}]}}

<p>[et_pb_section fb_built=»1&#8243; _builder_version=»4.4.5&#8243;][et_pb_row _builder_version=»4.4.5&#8243;][et_pb_column type=»4_4&#8243; _builder_version=»4.4.5&#8243;][et_pb_team_member name=»Frederico Franco Alvim» image_url=»https://transparenciaelectoral.org/escuela/wp-content/uploads/2026/02/image.png» position=»Profesor» _builder_version=»4.4.5&#8243; alt=»Frederico Alvim» title_text=»image» box_shadow_style_image=»preset1&#8243; hover_enabled=»0&#8243;]</p>
<p><span class="a_GcMg font-feature-liga-off font-feature-clig-off font-feature-calt-off text-decoration-none text-strikethrough-none">Jefe de la Coordinación de Combate a la Desinformación del Supremo Tribunal Federal (Brasil).</span><span class="a_GcMg font-feature-liga-off font-feature-clig-off font-feature-calt-off text-decoration-none text-strikethrough-none white-space-prewrap"> </span><span class="a_GcMg font-feature-liga-off font-feature-clig-off font-feature-calt-off text-decoration-none text-strikethrough-none">Doctor en Ciencias Jurídicas y Sociales (Universidad del Museo Social Argentino). Doctorando en Ciencias Políticas (Universidad de Lisboa). Máster en Derecho (Universidad Metodista de Piracicaba). Experto en Derecho Electoral (Universidad Nacional Autónoma de México). Experto en Derecho y Proceso Electoral (Universidad Federal de Goiás). Experto en Poder Judicial con énfasis en Derecho Electoral (AVM/EJE-MT). Diplomado en Desinformación y Campañas Electorales (Universidad Complutense de Madrid).</span></p>
<p>[/et_pb_team_member][/et_pb_column][/et_pb_row][/et_pb_section]</p>
